se 2.
1100110110100
Convert 182c (base 15) to base 12.
3029
What is -2ec6 (base 16) in base 10?
-11974
What is -20101 (base 3) in base 10?
-172
53324 (base 6) to base 14
2900
What is -103355 (base 6) in base 10?
-8567
-7097 (base 11) to base 16
-24cf
-50577 (base 10) to base 4
-30112101
-5d8 (base 15) to base 5
-20303
2101211 (base 5) to base 7
202514
What is -1244 (base 16) in base 4?
-1021010
-1121 (base 6) to base 10
-265
Convert -2113 (base 5) to base 13.
-18a
What is 3957 (base 10) in base 13?
1a55
4570 (base 13) to base 16
25fc
What is 1088 (base 9) in base 13?
4a3
-74a (base 14) to base 7
-4123
507a (base 12) to base 2
10001000011110
What is c8 (base 15) in base 8?
274
Convert -110122 (base 3) to base 14.
-1a5
What is -1c54 (base 15) in base 16?
-180a
Convert -b608 (base 14) to base 11.
-21627
Convert -30110 (base 6) to base 7.
-14313
Convert -247 (base 11) to base 14.
-16d
What is -6a05 (base 12) in base 13?
-54b9
What is -985a (base 15) in base 2?
-111111000000100
-42e (base 15) to base 7
-2516
Convert 1734 (base 10) to base 15.
7a9
Convert 58c (base 15) to base 10.
1257
What is 467 (base 9) in base 7?
1060
-581 (base 10) to base 7
-1460
Convert 10101 (base 2) to base 16.
15
What is 23072 (base 8) in base 14?
37d0
Convert -2a31 (base 12) to base 4.
-1031011
What is -d5 (base 15) in base 8?
-310
Convert 101001111111 (base 2) to base 8.
5177
Convert 1528 (base 14) to base 11.
2909
-2233010 (base 4) to base 2
-10101111000100
What is -231b (base 12) in base 7?
-14255
What is -1e3a (base 16) in base 4?
-1320322
-214202 (base 5) to base 15
-2302
Convert -1371 (base 10) to base 15.
-616
159a (base 15) to base 7
16354
413240 (base 5) to base 2
11010100000010
What is -438 (base 12) in base 4?
-21230
24190 (base 10) to base 2
101111001111110
What is -693 (base 13) in base 4?
-101232
Convert -1320 (base 6) to base 8.
-520
Convert 334 (base 8) to base 7.
433
What is 89d0 (base 15) in base 14?
a912
What is 9b20 (base 14) in base 10?
26880
38233 (base 10) to base 5
2210413
423412 (base 5) to base 11
a769
19751 (base 11) to base 7
143146
What is c5 (base 15) in base 16?
b9
1765 (base 9) to base 12
94b
What is -4811 (base 10) in base 11?
-3684
Convert -111122121 (base 3) to base 8.
-23340
-2044 (base 5) to base 14
-158
Convert -38428 (base 10) to base 16.
-961c
Convert 550 (base 9) to base 6.
2030
Convert b78 (base 12) to base 6.
11432
What is 2485 (base 10) in base 13?
1192
What is 224 (base 15) in base 7?
1261
What is 431323 (base 5) in base 11?
aa62
7166 (base 10) to base 5
212131
What is -67db (base 15) in base 13?
-a049
122657 (base 8) to base 4
22112233
-13899 (base 11) to base 5
-1112320
What is 120123 (base 4) in base 11?
11a1
-320 (base 12) to base 7
-1221
What is 100200 (base 6) in base 12?
4660
527 (base 12) to base 9
1024
What is 8d4 (base 16) in base 2?
100011010100
What is -5b0 (base 16) in base 9?
-1887
What is -4502 (base 7) in base 3?
-2012222
-a25 (base 13) to base 15
-79b
1791 (base 13) to base 11
26a0
-6ab (base 16) to base 12
-ba3
What is -3a92 (base 14) in base 13?
-490b
What is -3031 (base 4) in base 6?
-541
482 (base 13) to base 8
1416
-fe (base 16) to base 7
-512
-a594 (base 13) to base 4
-11212120
Convert -1001100011001011 (base 2) to base 13.
-14a5b
Convert 10 (base 4) to base 10.
4
What is -10040 (base 10) in base 11?
-75a8
-14c6 (base 13) to base 6
-22015
-12c (base 15) to base 8
-413
Convert 2b4 (base 12) to base 6.
1544
Convert 282 (base 12) to base 16.
182
What is 1567 (base 14) in base 9?
5208
What is 12343 (base 5) in base 4?
33031
What is -a09 (base 14) in base 16?
-7b1
What is 313 (base 6) in base 4?
1311
What is 288c (base 14) in base 8?
16014
What is -2121 (base 7) in base 12?
-526
What is -111220 (base 3) in base 5?
-3000
-10322 (base 4) to base 6
-1242
What is -59a9 (base 11) in base 7?
-31632
Convert -10b2 (base 15) to base 16.
-dd6
What is 4512 (base 13) in base 12?
5700
What is -11201010 (base 3) in base 4?
-311220
What is -34052 (base 9) in base 12?
-11132
What is -118 (base 12) in base 4?
-2210
10120222221 (base 3) to base 9
116887
Convert 1001001101 (base 2) to base 3.
210211
Convert 1723 (base 8) to base 15.
454
1111100 (base 3) to base 6
5013
What is -131012 (base 4) in base 16?
-746
22b2b (base 12) to base 10
46547
243353 (base 6) to base 7
116520
383c (base 14) to base 16
267e
Convert -b625 (base 13) to base 4.
-12021330
Convert 9181 (base 12) to base 14.
5a81
Convert -1511 (base 10) to base 8.
-2747
22a4 (base 13) to base 8
11402
-14311 (base 6) to base 9
-3107
What is 1100100110 (base 2) in base 14?
418
Convert 453 (base 6) to base 9.
216
What is 62 (base 12) in base 14?
54
Convert 5ed (base 15) to base 12.
944
20302210 (base 4) to base 8
106244
What is -431 (base 6) in base 4?
-2203
Convert 342202 (base 6) to base 4.
13011122
What is 4867 (base 10) in base 7?
20122
-2970 (base 10) to base 2
-101110011010
What is -1121 (base 14) in base 7?
-11441
What is -13107 (base 8) in base 4?
-1121013
395 (base 11) to base 3
122022
What is -1932 (base 13) in base 11?
-2908
Convert -866 (base 11) to base 2.
-10000010000
Convert -11001 (base 2) to base 7.
-34
b5 (base 14) to base 11
135
What is 1395 (base 11) in base 8?
3406
-aa7 (base 11) to base 7
-3604
-1208 (base 16) to base 15
-157b
Convert -b3fc (base 16) to base 4.
-23033330
12423 (base 10) to base 12
7233
c32 (base 14) to base 11
1889
1100011100001 (base 2) to base 11
4870
-2123110 (base 4) to base 14
-38a0
-131311 (base 5) to base 13
-24a6
Convert 7a1 (base 12) to base 15.
504
-6485 (base 9) to base 14
-1a51
What is 113004 (base 5) in base 2?
1000000100001
What is c5 (base 15) in base 12?
135
What is 131a3 (base 15) in base 10?
61128
-11017 (base 8) to base 6
-33223
-1204 (base 7) to base 6
-2021
Convert 102430 (base 5) to base 7.
13114
693 (base 11) to base 8
1474
Convert -26 (base 9) to base 15.
-19
Convert 11101110100110 (base 2) to base 7.
62343
What is -17560 (base 11) in base 3?
-1020210012
What is -44551 (base 8) in base 10?
-18793
-33303 (base 4) to base 11
-83a
73a (base 16) to base 9
2475
What is 63 (base 12) in base 13?
5a
-462 (base 9) to base 4
-11330
Convert 5a (base 15) to base 11.
78
Convert 4b79 (base 13) to base 5.
320442
Convert 102 (base 6) to base 7.
53
What is -1229 (base 12) in base 13?
-c18
-14210 (base 6) to base 2
-100010111110
Convert -3554 (base 8) to base 14.
-99a
511 (base 7) to base 5
2003
What is -2250 (base 6) in base 13?
-321
Convert -51142 (base 6) to base 7.
-25463
What is -11536 (base 7) in base 16?
-bc8
Convert 85a9 (base 11) to base 2.
10110001101100
-1640 (base 8) to base 14
-4a4
What is -1110001000000110 (base 2) in base 15?
-12227
Convert 2cbe (base 16) to base 6.
125010
Convert 3034 (base 6) to base 5.
10140
-762 (base 9) to base 4
-21233
6323 (base 16) to base 7
133664
What is 7c79 (base 15) in base 9?
40236
What is 210324 (base 5) in base 4?
1230310
What is 112222 (base 3) in base 4?
12110
What is 165 (base 10) in base 6?
433
What is -1444 (base 8) in base 7?
-2226
What is 201 (base 7) in base 2?
1100011
c49 (base 13) to base 8
4051
Convert -1001011111 (base 2) to base 14.
-315
1011 (base 14) to base 13
1343
-2669 (base 10) to base 14
-d89
Convert -11001110000101 (base 2) to base 13.
-6007
Convert a525 (base 14) to base 10.
28453
Convert 11122 (base 9) to base 7.
30356
-65a (base 11) to base 15
-37b
What is 2030221 (base 4) in base 8?
21451
1000101210 (base 3) to base 4
10320012
Convert 1300312 (base 4) to base 8.
16066
-8b4 (base 16) to base 12
-1358
1667 (base 11) to base 8
4122
What is 3250 (base 7) in base 13?
6b5
Convert 12022000 (base 3) to base 10.
3861
-2c62 (base 13) to base 15
-1dd7
-1185 (base 10) to base 8
-2241
Convert 2d6 (base 14) to base 8.
1104
-2333 (base 4) to base 8
-277
What is 1760 (base 8) in base 12?
700
-13202333 (base 4) to base 10
-30911
What is 314 (base 6) in base 5?
433
-100101101001100 (base 2) to base 6
-225124
301330 (base 6) to base 12
11846
Convert 8261 (base 10) to base 3.
102022222
-122 (base 7) to base 5
-230
-1011 (base 6) to base 10
-223
Convert -2005 (base 8) to base 4.
-100011
What is -1100000100 (base 2) in base 15?
-367
What is -251 (base 14) in base 7?
-1231
Convert 3003322 (base 4) to base 2.
11000011111010
What is -457 (base 8) in base 9?
-366
-13a38 (base 15